6209.
167, 55127
What are the prime factors of 97088337?
3, 83, 129971
List the prime factors of 803807902.
2, 8243, 48757
What are the prime factors of 134794949?
19, 7094471
What are the prime factors of 2851113955?
5, 570222791
List the prime factors of 1558124663.
79, 19723097
List the prime factors of 249403754.
2, 37, 1021, 3301
What are the prime factors of 16970273?
16970273
List the prime factors of 4297486725.
3, 5, 7, 909521
List the prime factors of 6733741387.
743, 9062909
What are the prime factors of 409156906?
2, 19, 10767287
What are the prime factors of 163609293?
3, 593, 91967
What are the prime factors of 45577239?
3, 1187, 12799
List the prime factors of 50680410.
2, 3, 5, 11, 19, 59, 137
What are the prime factors of 4044611640?
2, 3, 5, 23, 1465439
List the prime factors of 4117518430.
2, 5, 411751843
List the prime factors of 645048832.
2, 311, 4051
List the prime factors of 710130920.
2, 5, 17753273
What are the prime factors of 1604822396?
2, 401205599
What are the prime factors of 965167740?
2, 3, 5, 137, 39139
What are the prime factors of 3075363208?
2, 659, 583339
List the prime factors of 4509947014.
2, 67, 33656321
What are the prime factors of 322325130?
2, 3, 5, 37, 290383
What are the prime factors of 1940671743?
3, 43, 15043967
What are the prime factors of 69559681?
43, 569, 2843
List the prime factors of 630491811.
3, 79, 2660303
What are the prime factors of 2413743403?
2413743403
List the prime factors of 3624470910.
2, 3, 5, 1019, 39521
What are the prime factors of 511788655?
5, 7, 17, 19, 2663
List the prime factors of 35279597.
1579, 22343
What are the prime factors of 962603604?
2, 3, 26738989
What are the prime factors of 1625888245?
5, 17, 83, 317, 727
List the prime factors of 58820606.
2, 13, 83, 97, 281
What are the prime factors of 27449945?
5, 5489989
List the prime factors of 7557100621.
7, 131, 8241113
What are the prime factors of 1657962511?
1657962511
List the prime factors of 2351110950.
2, 3, 5, 5224691
List the prime factors of 76174745.
5, 15234949
List the prime factors of 2282806002.
2, 3, 17, 947, 23633
What are the prime factors of 4975599?
3, 1658533
List the prime factors of 411187762.
2, 6361, 32321
What are the prime factors of 25393809?
3, 7, 227, 761
List the prime factors of 1438170706.
2, 7, 102726479
List the prime factors of 261140584.
2, 32642573
List the prime factors of 736877211.
3, 7, 29, 1209979
What are the prime factors of 32312359?
17, 37, 47, 1093
List the prime factors of 133151866.
2, 66575933
List the prime factors of 4104186102.
2, 3, 23, 127, 78059
What are the prime factors of 2070570681?
3, 29, 32647
List the prime factors of 420282649.
2663, 157823
What are the prime factors of 90720763?
7, 19, 23, 47, 631
What are the prime factors of 355781219?
17, 61, 343087
What are the prime factors of 3711254476?
2, 3547, 261577
What are the prime factors of 4155059348?
2, 11, 83, 1137749
List the prime factors of 297440659.
297440659
List the prime factors of 86678572.
2, 1201, 18043
What are the prime factors of 42536392?
2, 5317049
List the prime factors of 960387602.
2, 17737, 27073
List the prime factors of 176435285.
5, 13, 2714389
What are the prime factors of 832337549?
5261, 158209
List the prime factors of 671950647.
3, 921743
What are the prime factors of 210351829?
17, 43, 16927
What are the prime factors of 4025834096?
2, 31, 8116601
List the prime factors of 588764413.
1901, 309713
What are the prime factors of 1566051817?
11, 911, 14207
What are the prime factors of 19199322?
2, 3, 167, 2129
List the prime factors of 8099303640.
2, 3, 5, 67494197
What are the prime factors of 11381279?
7, 13, 17, 1051
What are the prime factors of 93694335?
3, 5, 7, 809, 1103
List the prime factors of 2592871.
31, 83641
List the prime factors of 42717808.
2, 7, 23, 103
List the prime factors of 39864849.
3, 1607, 8269
List the prime factors of 7457489509.
641, 11634149
What are the prime factors of 1116042207?
3, 7, 107, 496681
What are the prime factors of 25500468?
2, 3, 7, 23, 67, 197
List the prime factors of 3925800235.
5, 7, 19, 89, 113, 587
What are the prime factors of 432530713?
2357, 183509
What are the prime factors of 1261255769?
5623, 224303
What are the prime factors of 70558669?
113, 167, 3739
List the prime factors of 14334543.
3, 23, 41, 563
List the prime factors of 1546519351.
13, 31, 907, 4231
List the prime factors of 32063993.
13, 53, 173, 269
List the prime factors of 1077290636.
2, 269322659
What are the prime factors of 17121121?
37, 462733
List the prime factors of 33449418.
2, 3, 197, 9433
List the prime factors of 14768636.
2, 3692159
List the prime factors of 433601038.
2, 13, 47, 354829
List the prime factors of 389343200.
2, 5, 486679
What are the prime factors of 13101607?
13101607
List the prime factors of 70375668.
2, 3, 11, 533149
What are the prime factors of 533380908?
2, 3, 83, 535523
List the prime factors of 371297151.
3, 2657, 15527
List the prime factors of 7398311178.
2, 3, 1233051863
List the prime factors of 741054356.
2, 7, 2063, 12829
List the prime factors of 1069089074.
2, 19, 28133923
List the prime factors of 1121767122.
2, 3, 7, 269, 99289
List the prime factors of 61954585.
5, 7, 11, 29, 31, 179
What are the prime factors of 654381238?
2, 7, 17, 41, 67061
List the prime factors of 9603445.
5, 67, 109, 263
List the prime factors of 114140817.
3, 7, 1811759
What are the prime factors of 1076772337?
2243, 480059
List the prime factors of 107396288.
2, 1678067
What are the prime factors of 1281088?
2, 37, 541
What are the prime factors of 410554031?
410554031
List the prime factors of 94998990.
2, 3, 5, 1381, 2293
What are the prime factors of 857037126?
2, 3, 11, 743, 17477
What are the prime factors of 3305724958?
2, 41, 3433, 11743
List the prime factors of 353702673.
3, 2087, 6277
List the prime factors of 96111898.
2, 47, 1022467
List the prime factors of 45395827.
45395827
What are the prime factors of 145365864?
2, 3, 7, 29, 29837
List the prime factors of 36645409.
36645409
List the prime factors of 1299260.
2, 5, 167, 389
List the prime factors of 25359488.
2, 7, 11, 31, 83
List the prime factors of 4906896725.
5, 433, 453293
What are the prime factors of 3701804?
2, 23, 40237
What are the prime factors of 41008695?
3, 5, 7, 13, 2311
List the prime factors of 32749308.
2, 3, 163, 5581
What are the prime factors of 425098435?
5, 421, 201947
List the prime factors of 360401039.
173, 2083243
What are the prime factors of 12012831?
3, 23, 131, 443
What are the prime factors of 30130638?
2, 3, 5021773
List the prime factors of 38201245.
5, 7640249
List the prime factors of 1305021314.
2, 652510657
What are the prime factors of 125195969?
23, 5443303
List the prime factors of 19267747.
19267747
List the prime factors of 924467.
131, 7057
List the prime factors of 160712167.
7, 11, 269, 7759
List the prime factors of 58567130.
2, 5, 5856713
What are the prime factors of 136387491?
3, 19, 173, 13831
List the prime factors of 891308321.
891308321
List the prime factors of 785352466.
2, 392676233
What are the prime factors of 935668627?
17, 827, 66553
What are the prime factors of 720507789?
3, 5683, 14087
What are the prime factors of 160869062?
2, 17, 47, 100669
What are the prime factors of 315633013?
29, 283, 38459
What are the prime factors of 85019620?
2, 5, 7, 499, 1217
What are the prime factors of 109573888?
2, 428023
What are the prime factors of 16014107?
1039, 15413
List the prime factors of 7473390.
2, 3, 5, 23, 10831
What are the prime factors of 140399356?
2, 35099839
List the prime factors of 99840790.
2, 5, 7, 457, 3121
List the prime factors of 82364945.
5, 13, 61, 20773
What are the prime factors of 270327799?
7, 43, 89, 10091
What are the prime factors of 795184015?
5, 563, 282481
List the prime factors of 1921729765.
5, 384345953
List the prime factors of 37686955.
5, 419, 17989
List the prime factors of 3869011230.
2, 3, 5, 7, 19, 969677
What are the prime factors of 47362522?
2, 43, 691, 797
What are the prime factors of 99215150?
2, 5, 19, 181, 577
What are the prime factors of 123632449?
17, 19, 382763
What are the prime factors of 3533552466?
2, 3, 37, 193, 82471
What are the prime facto